Last updated on 2023-06-04 05:50:51 CEST.
Flavor | Version | Tinstall | Tcheck | Ttotal | Status | Flags |
---|---|---|---|---|---|---|
r-devel-linux-x86_64-debian-clang | 0.5.3 | 31.96 | 133.99 | 165.95 | OK | |
r-devel-linux-x86_64-debian-gcc | 0.5.3 | 26.48 | 90.77 | 117.25 | OK | |
r-devel-linux-x86_64-fedora-clang | 0.5.3 | 198.93 | NOTE | |||
r-devel-linux-x86_64-fedora-gcc | 0.5.3 | 192.00 | OK | |||
r-devel-windows-x86_64 | 0.5.3 | 31.00 | 121.00 | 152.00 | OK | |
r-patched-linux-x86_64 | 0.5.3 | 33.12 | 112.32 | 145.44 | OK | |
r-release-linux-x86_64 | 0.5.3 | 27.94 | 111.70 | 139.64 | OK | |
r-release-macos-arm64 | 0.5.3 | 57.00 | OK | |||
r-release-macos-x86_64 | 0.5.3 | 90.00 | OK | |||
r-release-windows-x86_64 | 0.5.3 | 36.00 | 143.00 | 179.00 | OK | |
r-oldrel-macos-arm64 | 0.5.3 | 51.00 | OK | |||
r-oldrel-macos-x86_64 | 0.5.3 | 73.00 | OK | |||
r-oldrel-windows-x86_64 | 0.5.3 | 33.00 | 144.00 | 177.00 | OK |
Version: 0.5.3
Check: package dependencies
Result: NOTE
Imports includes 21 non-default packages.
Importing from so many packages makes the package vulnerable to any of
them becoming unavailable. Move as many as possible to Suggests and
use conditionally.
Flavor: r-devel-linux-x86_64-fedora-clang