Last updated on 2023-06-09 05:55:07 CEST.
Flavor | Version | Tinstall | Tcheck | Ttotal | Status | Flags |
---|---|---|---|---|---|---|
r-devel-linux-x86_64-debian-clang | 0.2.0 | 34.72 | 337.61 | 372.33 | NOTE | |
r-devel-linux-x86_64-debian-gcc | 0.2.0 | 26.15 | 246.23 | 272.38 | NOTE | |
r-devel-linux-x86_64-fedora-clang | 0.2.0 | 452.29 | NOTE | |||
r-devel-linux-x86_64-fedora-gcc | 0.2.0 | 445.50 | NOTE | |||
r-devel-windows-x86_64 | 0.2.0 | 27.00 | 211.00 | 238.00 | NOTE | |
r-patched-linux-x86_64 | 0.2.0 | 27.29 | 311.78 | 339.07 | NOTE | |
r-release-linux-x86_64 | 0.2.0 | 24.41 | 309.32 | 333.73 | NOTE | |
r-release-macos-arm64 | 0.2.0 | 112.00 | NOTE | |||
r-release-macos-x86_64 | 0.2.0 | 206.00 | NOTE | |||
r-release-windows-x86_64 | 0.2.0 | 39.00 | 279.00 | 318.00 | NOTE | |
r-oldrel-macos-arm64 | 0.2.0 | 86.00 | NOTE | |||
r-oldrel-macos-x86_64 | 0.2.0 | 156.00 | NOTE | |||
r-oldrel-windows-x86_64 | 0.2.0 | 40.00 | 262.00 | 302.00 | NOTE |
Version: 0.2.0
Check: LazyData
Result: NOTE
'LazyData' is specified without a 'data' directory
Flavors: r-devel-linux-x86_64-debian-clang, r-devel-linux-x86_64-debian-gcc, r-devel-linux-x86_64-fedora-clang, r-devel-linux-x86_64-fedora-gcc, r-devel-windows-x86_64, r-patched-linux-x86_64, r-release-linux-x86_64, r-release-macos-arm64, r-release-macos-x86_64, r-release-windows-x86_64, r-oldrel-macos-arm64, r-oldrel-macos-x86_64, r-oldrel-windows-x86_64
Version: 0.2.0
Check: dependencies in R code
Result: NOTE
Namespace in Imports field not imported from: ‘lubridate’
All declared Imports should be used.
Flavors: r-devel-linux-x86_64-fedora-clang, r-devel-linux-x86_64-fedora-gcc, r-oldrel-macos-arm64, r-oldrel-macos-x86_64