Last updated on 2023-05-28 05:52:15 CEST.
Flavor | Version | Tinstall | Tcheck | Ttotal | Status | Flags |
---|---|---|---|---|---|---|
r-devel-linux-x86_64-debian-clang | 0.2.9 | 5.45 | 100.97 | 106.42 | OK | |
r-devel-linux-x86_64-debian-gcc | 0.2.9 | 4.17 | 78.15 | 82.32 | OK | |
r-devel-linux-x86_64-fedora-clang | 0.2.9 | 133.86 | NOTE | |||
r-devel-linux-x86_64-fedora-gcc | 0.2.9 | 136.51 | NOTE | |||
r-devel-windows-x86_64 | 0.2.9 | 7.00 | 122.00 | 129.00 | OK | |
r-patched-linux-x86_64 | 0.2.9 | 7.23 | 96.72 | 103.95 | OK | |
r-release-linux-x86_64 | 0.2.9 | 4.94 | 98.07 | 103.01 | OK | |
r-release-macos-arm64 | 0.2.9 | 100.00 | OK | |||
r-release-macos-x86_64 | 0.2.8 | 108.00 | OK | |||
r-release-windows-x86_64 | 0.2.9 | 7.00 | 140.00 | 147.00 | OK | |
r-oldrel-macos-arm64 | 0.2.9 | 71.00 | OK | |||
r-oldrel-macos-x86_64 | 0.2.9 | 82.00 | OK | |||
r-oldrel-windows-x86_64 | 0.2.9 | 7.00 | 135.00 | 142.00 | OK |
Version: 0.2.9
Check: data for non-ASCII characters
Result: NOTE
Note: found 96 marked UTF-8 strings
Flavors: r-devel-linux-x86_64-fedora-clang, r-devel-linux-x86_64-fedora-gcc