Last updated on 2023-06-09 05:55:07 CEST.
Flavor | Version | Tinstall | Tcheck | Ttotal | Status | Flags |
---|---|---|---|---|---|---|
r-devel-linux-x86_64-debian-clang | 0.5.4 | 3.85 | 44.30 | 48.15 | OK | |
r-devel-linux-x86_64-debian-gcc | 0.5.4 | 2.43 | 35.69 | 38.12 | OK | |
r-devel-linux-x86_64-fedora-clang | 0.5.4 | 62.55 | OK | |||
r-devel-linux-x86_64-fedora-gcc | 0.5.4 | 70.52 | OK | |||
r-devel-windows-x86_64 | 0.5.4 | 5.00 | 64.00 | 69.00 | OK | |
r-patched-linux-x86_64 | 0.5.4 | 2.80 | 43.06 | 45.86 | OK | |
r-release-linux-x86_64 | 0.5.4 | 2.32 | 42.99 | 45.31 | OK | |
r-release-macos-arm64 | 0.5.4 | 33.00 | OK | |||
r-release-macos-x86_64 | 0.5.4 | 47.00 | NOTE | |||
r-release-windows-x86_64 | 0.5.4 | 6.00 | 68.00 | 74.00 | OK | |
r-oldrel-macos-arm64 | 0.5.4 | 25.00 | OK | |||
r-oldrel-macos-x86_64 | 0.5.4 | 34.00 | OK | |||
r-oldrel-windows-x86_64 | 0.5.4 | 6.00 | 64.00 | 70.00 | OK |
Version: 0.5.4
Check: package dependencies
Result: NOTE
Package suggested but not available for checking: ‘rstan’
Flavor: r-release-macos-x86_64
Version: 0.5.4
Check: Rd cross-references
Result: NOTE
Package unavailable to check Rd xrefs: ‘rstan’
Flavor: r-release-macos-x86_64