Last updated on 2023-06-08 05:58:17 CEST.
Flavor | Version | Tinstall | Tcheck | Ttotal | Status | Flags |
---|---|---|---|---|---|---|
r-devel-linux-x86_64-debian-clang | 1.0-0 | 6.46 | 543.73 | 550.19 | NOTE | |
r-devel-linux-x86_64-debian-gcc | 1.0-0 | 3.87 | 364.41 | 368.28 | NOTE | |
r-devel-linux-x86_64-fedora-clang | 1.0-0 | 565.68 | NOTE | |||
r-devel-linux-x86_64-fedora-gcc | 1.0-0 | 615.68 | NOTE | |||
r-devel-windows-x86_64 | 1.0-0 | 74.00 | 280.00 | 354.00 | NOTE | |
r-patched-linux-x86_64 | 1.0-0 | 4.74 | 492.42 | 497.16 | NOTE | |
r-release-linux-x86_64 | 1.0-0 | 4.65 | 509.49 | 514.14 | NOTE | |
r-release-macos-arm64 | 1.0-0 | 161.00 | NOTE | |||
r-release-macos-x86_64 | 1.0-0 | 282.00 | NOTE | |||
r-release-windows-x86_64 | 1.0-0 | 98.00 | 372.00 | 470.00 | NOTE | |
r-oldrel-macos-arm64 | 1.0-0 | 165.00 | OK | |||
r-oldrel-macos-x86_64 | 1.0-0 | 236.00 | OK | |||
r-oldrel-windows-x86_64 | 1.0-0 | 97.00 | 635.00 | 732.00 | OK |
Version: 1.0-0
Check: package subdirectories
Result: NOTE
Problems with news in ‘NEWS.md’:
No news entries found.
Flavors: r-devel-linux-x86_64-debian-clang, r-devel-linux-x86_64-debian-gcc, r-devel-linux-x86_64-fedora-clang, r-devel-linux-x86_64-fedora-gcc, r-devel-windows-x86_64, r-patched-linux-x86_64, r-release-linux-x86_64, r-release-macos-arm64, r-release-macos-x86_64, r-release-windows-x86_64