Last updated on 2023-06-04 05:50:50 CEST.
Flavor | Version | Tinstall | Tcheck | Ttotal | Status | Flags |
---|---|---|---|---|---|---|
r-devel-linux-x86_64-debian-clang | 0.8.1 | 12.24 | 94.09 | 106.33 | OK | |
r-devel-linux-x86_64-debian-gcc | 0.8.1 | 9.73 | 69.89 | 79.62 | OK | |
r-devel-linux-x86_64-fedora-clang | 0.8.1 | 130.58 | NOTE | |||
r-devel-linux-x86_64-fedora-gcc | 0.8.1 | 132.35 | OK | |||
r-devel-windows-x86_64 | 0.8.1 | 13.00 | 96.00 | 109.00 | OK | |
r-patched-linux-x86_64 | 0.8.1 | 11.09 | 85.95 | 97.04 | OK | |
r-release-linux-x86_64 | 0.8.1 | 9.60 | 86.95 | 96.55 | OK | |
r-release-macos-arm64 | 0.8.1 | 45.00 | OK | |||
r-release-macos-x86_64 | 0.8.1 | 64.00 | OK | |||
r-release-windows-x86_64 | 0.8.1 | 14.00 | 110.00 | 124.00 | OK | |
r-oldrel-macos-arm64 | 0.8.1 | 37.00 | OK | |||
r-oldrel-macos-x86_64 | 0.8.1 | 56.00 | OK | |||
r-oldrel-windows-x86_64 | 0.8.1 | 16.00 | 107.00 | 123.00 | OK |
Version: 0.8.1
Check: package dependencies
Result: NOTE
Imports includes 25 non-default packages.
Importing from so many packages makes the package vulnerable to any of
them becoming unavailable. Move as many as possible to Suggests and
use conditionally.
Flavor: r-devel-linux-x86_64-fedora-clang