CRAN Package Check Results for Package polimetrics

Last updated on 2023-06-07 05:58:28 CEST.

Flavor Version Tinstall Tcheck Ttotal Status Flags
r-devel-linux-x86_64-debian-clang 1.2.1.14 5.04 43.24 48.28 OK
r-devel-linux-x86_64-debian-gcc 1.2.1.14 3.98 33.40 37.38 OK
r-devel-linux-x86_64-fedora-clang 1.2.1.14 61.61 NOTE
r-devel-linux-x86_64-fedora-gcc 1.2.1.14 56.93 NOTE
r-devel-windows-x86_64 1.2.1.14 8.00 53.00 61.00 OK
r-patched-linux-x86_64 1.2.1.14 3.29 41.48 44.77 OK
r-release-linux-x86_64 1.2.1.14 4.31 41.47 45.78 OK
r-release-macos-arm64 1.2.1.14 24.00 OK
r-release-macos-x86_64 1.2.1.14 32.00 OK
r-release-windows-x86_64 1.2.1.14 8.00 57.00 65.00 OK
r-oldrel-macos-arm64 1.2.1.14 25.00 NOTE
r-oldrel-macos-x86_64 1.2.1.14 46.00 NOTE
r-oldrel-windows-x86_64 1.2.1.14 8.00 62.00 70.00 OK

Check Details

Version: 1.2.1.14
Check: dependencies in R code
Result: NOTE
    Namespaces in Imports field not imported from:
     ‘MASS’ ‘car’ ‘formula.tools’ ‘ggplot2’ ‘gplots’ ‘graphics’ ‘purrr’
     ‘rstatix’ ‘stringr’ ‘tidyverse’
     All declared Imports should be used.
Flavors: r-devel-linux-x86_64-fedora-clang, r-devel-linux-x86_64-fedora-gcc, r-oldrel-macos-arm64, r-oldrel-macos-x86_64

Version: 1.2.1.14
Check: data for non-ASCII characters
Result: NOTE
     Note: found 2 marked UTF-8 strings
Flavors: r-devel-linux-x86_64-fedora-clang, r-devel-linux-x86_64-fedora-gcc, r-oldrel-macos-arm64, r-oldrel-macos-x86_64