Last updated on 2023-05-29 05:55:10 CEST.
Flavor | Version | Tinstall | Tcheck | Ttotal | Status | Flags |
---|---|---|---|---|---|---|
r-devel-linux-x86_64-debian-clang | 0.2-1 | 8.25 | 70.04 | 78.29 | OK | |
r-devel-linux-x86_64-debian-gcc | 0.2-1 | 6.53 | 54.68 | 61.21 | OK | |
r-devel-linux-x86_64-fedora-clang | 0.2-1 | 107.87 | OK | |||
r-devel-linux-x86_64-fedora-gcc | 0.2-1 | 114.63 | OK | |||
r-devel-windows-x86_64 | 0.2-1 | 8.00 | 102.00 | 110.00 | OK | |
r-patched-linux-x86_64 | 0.2-1 | 9.29 | 67.77 | 77.06 | OK | |
r-release-linux-x86_64 | 0.2-1 | 8.72 | 68.07 | 76.79 | OK | |
r-release-macos-arm64 | 0.2-1 | 6.00 | ERROR | |||
r-release-macos-x86_64 | 0.2-1 | 5.00 | ERROR | |||
r-release-windows-x86_64 | 0.2-1 | 10.00 | 99.00 | 109.00 | OK | |
r-oldrel-macos-arm64 | 0.2-1 | 10.00 | ERROR | |||
r-oldrel-macos-x86_64 | 0.2-1 | 11.00 | ERROR | |||
r-oldrel-windows-x86_64 | 0.2-1 | 12.00 | 106.00 | 118.00 | OK |
Version: 0.2-1
Check: package dependencies
Result: ERROR
Package required but not available: ‘pbdMPI’
See section ‘The DESCRIPTION file’ in the ‘Writing R Extensions’
manual.
Flavors: r-release-macos-arm64, r-release-macos-x86_64, r-oldrel-macos-arm64, r-oldrel-macos-x86_64