CRAN Package Check Results for Package pingers

Last updated on 2023-05-29 05:55:10 CEST.

Flavor Version Tinstall Tcheck Ttotal Status Flags
r-devel-linux-x86_64-debian-clang 0.1.1 8.88 65.14 74.02 NOTE
r-devel-linux-x86_64-debian-gcc 0.1.1 6.94 49.93 56.87 NOTE
r-devel-linux-x86_64-fedora-clang 0.1.1 94.29 NOTE
r-devel-linux-x86_64-fedora-gcc 0.1.1 87.11 NOTE
r-devel-windows-x86_64 0.1.1 9.00 65.00 74.00 NOTE
r-patched-linux-x86_64 0.1.1 7.62 62.48 70.10 NOTE
r-release-linux-x86_64 0.1.1 7.61 61.21 68.82 NOTE
r-release-macos-arm64 0.1.1 29.00 NOTE
r-release-macos-x86_64 0.1.1 41.00 NOTE
r-release-windows-x86_64 0.1.1 11.00 76.00 87.00 NOTE
r-oldrel-macos-arm64 0.1.1 29.00 NOTE
r-oldrel-macos-x86_64 0.1.1 49.00 NOTE
r-oldrel-windows-x86_64 0.1.1 11.00 81.00 92.00 NOTE

Check Details

Version: 0.1.1
Check: LazyData
Result: NOTE
     'LazyData' is specified without a 'data' directory
Flavors: r-devel-linux-x86_64-debian-clang, r-devel-linux-x86_64-debian-gcc, r-devel-linux-x86_64-fedora-clang, r-devel-linux-x86_64-fedora-gcc, r-devel-windows-x86_64, r-patched-linux-x86_64, r-release-linux-x86_64, r-release-macos-arm64, r-release-macos-x86_64, r-release-windows-x86_64, r-oldrel-macos-arm64, r-oldrel-macos-x86_64, r-oldrel-windows-x86_64