CRAN Package Check Results for Package picasso

Last updated on 2023-06-05 05:54:43 CEST.

Flavor Version Tinstall Tcheck Ttotal Status Flags
r-devel-linux-x86_64-debian-clang 1.3.1 21.54 82.58 104.12 NOTE
r-devel-linux-x86_64-debian-gcc 1.3.1 17.40 64.27 81.67 NOTE
r-devel-linux-x86_64-fedora-clang 1.3.1 129.95 NOTE
r-devel-linux-x86_64-fedora-gcc 1.3.1 138.84 NOTE
r-devel-windows-x86_64 1.3.1 19.00 94.00 113.00 NOTE
r-patched-linux-x86_64 1.3.1 17.82 82.12 99.94 NOTE
r-release-linux-x86_64 1.3.1 18.85 80.05 98.90 NOTE
r-release-macos-arm64 1.3.1 47.00 NOTE
r-release-macos-x86_64 1.3.1 79.00 NOTE
r-release-windows-x86_64 1.3.1 22.00 103.00 125.00 NOTE
r-oldrel-macos-arm64 1.3.1 46.00 NOTE
r-oldrel-macos-x86_64 1.3.1 60.00 NOTE
r-oldrel-windows-x86_64 1.3.1 22.00 107.00 129.00 OK

Check Details

Version: 1.3.1
Check: C++ specification
Result: NOTE
     Specified C++11: please drop specification unless essential
Flavors: r-devel-linux-x86_64-debian-clang, r-devel-linux-x86_64-debian-gcc, r-devel-linux-x86_64-fedora-clang, r-devel-linux-x86_64-fedora-gcc, r-devel-windows-x86_64, r-patched-linux-x86_64, r-release-linux-x86_64, r-release-macos-arm64, r-release-macos-x86_64, r-release-windows-x86_64

Version: 1.3.1
Check: installed package size
Result: NOTE
     installed size is 6.0Mb
     sub-directories of 1Mb or more:
     libs 5.0Mb
Flavors: r-release-macos-arm64, r-release-macos-x86_64, r-oldrel-macos-arm64, r-oldrel-macos-x86_64