Last updated on 2023-06-04 05:50:50 CEST.
Flavor | Version | Tinstall | Tcheck | Ttotal | Status | Flags |
---|---|---|---|---|---|---|
r-devel-linux-x86_64-debian-clang | 0.8.10 | 41.15 | 168.07 | 209.22 | NOTE | |
r-devel-linux-x86_64-debian-gcc | 0.8.10 | 31.75 | 125.26 | 157.01 | NOTE | |
r-devel-linux-x86_64-fedora-clang | 0.8.10 | 266.20 | NOTE | |||
r-devel-linux-x86_64-fedora-gcc | 0.8.10 | 260.54 | NOTE | |||
r-devel-windows-x86_64 | 0.8.10 | 35.00 | 167.00 | 202.00 | NOTE | |
r-patched-linux-x86_64 | 0.8.10 | 37.82 | 157.43 | 195.25 | NOTE | |
r-release-linux-x86_64 | 0.8.10 | 27.59 | 155.63 | 183.22 | NOTE | |
r-release-macos-arm64 | 0.8.10 | 83.00 | NOTE | |||
r-release-macos-x86_64 | 0.8.10 | 151.00 | NOTE | |||
r-release-windows-x86_64 | 0.8.10 | 46.00 | 197.00 | 243.00 | NOTE | |
r-oldrel-macos-arm64 | 0.8.10 | 67.00 | OK | |||
r-oldrel-macos-x86_64 | 0.8.10 | 130.00 | OK | |||
r-oldrel-windows-x86_64 | 0.8.10 | 44.00 | 188.00 | 232.00 | OK |
Version: 0.8.10
Check: Rd files
Result: NOTE
checkRd: (-1) phylo4d-methods.Rd:209: Escaped LaTeX specials: \$
Flavors: r-devel-linux-x86_64-debian-clang, r-devel-linux-x86_64-debian-gcc, r-devel-linux-x86_64-fedora-clang, r-devel-linux-x86_64-fedora-gcc, r-devel-windows-x86_64, r-patched-linux-x86_64, r-release-linux-x86_64, r-release-macos-arm64, r-release-macos-x86_64, r-release-windows-x86_64