Last updated on 2023-06-10 05:52:41 CEST.
Flavor | Version | Tinstall | Tcheck | Ttotal | Status | Flags |
---|---|---|---|---|---|---|
r-devel-linux-x86_64-debian-clang | 0.2-2.1 | 6.20 | 69.05 | 75.25 | NOTE | |
r-devel-linux-x86_64-debian-gcc | 0.2-2.1 | 5.08 | 51.42 | 56.50 | NOTE | |
r-devel-linux-x86_64-fedora-clang | 0.2-2.1 | 93.54 | NOTE | |||
r-devel-linux-x86_64-fedora-gcc | 0.2-2.1 | 88.68 | NOTE | |||
r-devel-windows-x86_64 | 0.2-2.1 | 7.00 | 81.00 | 88.00 | OK | |
r-patched-linux-x86_64 | 0.2-2.1 | 6.75 | 66.14 | 72.89 | NOTE | |
r-release-linux-x86_64 | 0.2-2.1 | 5.15 | 65.77 | 70.92 | NOTE | |
r-release-macos-arm64 | 0.2-2.1 | 30.00 | OK | |||
r-release-macos-x86_64 | 0.2-2.1 | 47.00 | OK | |||
r-release-windows-x86_64 | 0.2-2.1 | 7.00 | 99.00 | 106.00 | OK | |
r-oldrel-macos-arm64 | 0.2-2.1 | 28.00 | OK | |||
r-oldrel-macos-x86_64 | 0.2-2.1 | 41.00 | OK | |||
r-oldrel-windows-x86_64 | 0.2-2.1 | 18.00 | 108.00 | 126.00 | OK |
Version: 0.2-2.1
Check: for non-standard things in the check directory
Result: NOTE
Found the following files/directories:
‘1khz.wav’ ‘snd.wav’
Flavors: r-devel-linux-x86_64-debian-clang, r-devel-linux-x86_64-debian-gcc, r-devel-linux-x86_64-fedora-clang, r-devel-linux-x86_64-fedora-gcc, r-patched-linux-x86_64, r-release-linux-x86_64