Last updated on 2023-06-02 05:58:06 CEST.
Flavor | Version | Tinstall | Tcheck | Ttotal | Status | Flags |
---|---|---|---|---|---|---|
r-devel-linux-x86_64-debian-clang | 0.2-3 | 8.13 | 78.79 | 86.92 | NOTE | |
r-devel-linux-x86_64-debian-gcc | 0.2-3 | 6.31 | 57.99 | 64.30 | NOTE | |
r-devel-linux-x86_64-fedora-clang | 0.2-3 | 105.56 | NOTE | |||
r-devel-linux-x86_64-fedora-gcc | 0.2-3 | 107.63 | NOTE | |||
r-devel-windows-x86_64 | 0.2-3 | 9.00 | 70.00 | 79.00 | NOTE | |
r-patched-linux-x86_64 | 0.2-3 | NOTE | ||||
r-release-linux-x86_64 | 0.2-3 | 6.43 | 73.28 | 79.71 | NOTE | |
r-release-macos-arm64 | 0.2-3 | 34.00 | NOTE | |||
r-release-macos-x86_64 | 0.2-3 | 58.00 | NOTE | |||
r-release-windows-x86_64 | 0.2-3 | 13.00 | 81.00 | 94.00 | NOTE | |
r-oldrel-macos-arm64 | 0.2-3 | 37.00 | OK | |||
r-oldrel-macos-x86_64 | 0.2-3 | 52.00 | OK | |||
r-oldrel-windows-x86_64 | 0.2-3 | 13.00 | 100.00 | 113.00 | OK |
Version: 0.2-3
Check: Rd files
Result: NOTE
checkRd: (-1) PatentsRD.Rd:4: Escaped LaTeX specials: \&
checkRd: (-1) PatentsRD.Rd:30: Escaped LaTeX specials: \&
checkRd: (-1) PatentsRDUS.Rd:4: Escaped LaTeX specials: \&
Flavors: r-devel-linux-x86_64-debian-clang, r-devel-linux-x86_64-debian-gcc, r-devel-linux-x86_64-fedora-clang, r-devel-linux-x86_64-fedora-gcc, r-devel-windows-x86_64, r-patched-linux-x86_64, r-release-linux-x86_64, r-release-macos-arm64, r-release-macos-x86_64, r-release-windows-x86_64