Last updated on 2023-06-05 05:54:43 CEST.
Flavor | Version | Tinstall | Tcheck | Ttotal | Status | Flags |
---|---|---|---|---|---|---|
r-devel-linux-x86_64-debian-clang | 0.2.5 | 10.14 | 89.46 | 99.60 | NOTE | |
r-devel-linux-x86_64-debian-gcc | 0.2.5 | 8.29 | 69.42 | 77.71 | NOTE | |
r-devel-linux-x86_64-fedora-clang | 0.2.5 | 125.39 | NOTE | |||
r-devel-linux-x86_64-fedora-gcc | 0.2.5 | 119.63 | NOTE | |||
r-devel-windows-x86_64 | 0.2.5 | 10.00 | 83.00 | 93.00 | NOTE | |
r-patched-linux-x86_64 | 0.2.5 | 7.76 | 86.29 | 94.05 | NOTE | |
r-release-linux-x86_64 | 0.2.5 | 9.87 | 86.03 | 95.90 | NOTE | |
r-release-macos-arm64 | 0.2.5 | 42.00 | NOTE | |||
r-release-macos-x86_64 | 0.2.5 | 64.00 | NOTE | |||
r-release-windows-x86_64 | 0.2.5 | 11.00 | 101.00 | 112.00 | NOTE | |
r-oldrel-macos-arm64 | 0.2.5 | 36.00 | NOTE | |||
r-oldrel-macos-x86_64 | 0.2.5 | 65.00 | NOTE | |||
r-oldrel-windows-x86_64 | 0.2.5 | 12.00 | 100.00 | 112.00 | NOTE |
Version: 0.2.5
Check: LazyData
Result: NOTE
'LazyData' is specified without a 'data' directory
Flavors: r-devel-linux-x86_64-debian-clang, r-devel-linux-x86_64-debian-gcc, r-devel-linux-x86_64-fedora-clang, r-devel-linux-x86_64-fedora-gcc, r-devel-windows-x86_64, r-patched-linux-x86_64, r-release-linux-x86_64, r-release-macos-arm64, r-release-macos-x86_64, r-release-windows-x86_64, r-oldrel-macos-arm64, r-oldrel-macos-x86_64, r-oldrel-windows-x86_64