Last updated on 2023-06-05 05:54:43 CEST.
Flavor | Version | Tinstall | Tcheck | Ttotal | Status | Flags |
---|---|---|---|---|---|---|
r-devel-linux-x86_64-debian-clang | 2.2.0 | 528.20 | 154.99 | 683.19 | OK | |
r-devel-linux-x86_64-debian-gcc | 2.2.0 | 411.46 | 114.54 | 526.00 | OK | |
r-devel-linux-x86_64-fedora-clang | 2.2.0 | 869.75 | NOTE | |||
r-devel-linux-x86_64-fedora-gcc | 2.2.0 | 1001.15 | OK | |||
r-devel-windows-x86_64 | 2.2.0 | 336.00 | 169.00 | 505.00 | OK | |
r-patched-linux-x86_64 | 2.2.0 | 446.99 | 145.94 | 592.93 | OK | |
r-release-linux-x86_64 | 2.2.0 | 440.38 | 145.13 | 585.51 | OK | |
r-release-macos-arm64 | 2.2.0 | 248.00 | NOTE | |||
r-release-macos-x86_64 | 2.2.0 | 407.00 | NOTE | |||
r-release-windows-x86_64 | 2.2.0 | 433.00 | 209.00 | 642.00 | OK | |
r-oldrel-macos-arm64 | 2.2.0 | 218.00 | NOTE | |||
r-oldrel-macos-x86_64 | 2.2.0 | 286.00 | NOTE | |||
r-oldrel-windows-x86_64 | 2.2.0 | 415.00 | 194.00 | 609.00 | OK |
Version: 2.2.0
Check: installed package size
Result: NOTE
installed size is 5.4Mb
sub-directories of 1Mb or more:
libs 4.2Mb
Flavors: r-devel-linux-x86_64-fedora-clang, r-release-macos-arm64, r-release-macos-x86_64, r-oldrel-macos-arm64, r-oldrel-macos-x86_64