CRAN Package Check Results for Package pendensity

Last updated on 2023-06-08 05:58:16 CEST.

Flavor Version Tinstall Tcheck Ttotal Status Flags
r-devel-linux-x86_64-debian-clang 0.2.13 13.12 110.05 123.17 NOTE
r-devel-linux-x86_64-debian-gcc 0.2.13 10.27 84.47 94.74 NOTE
r-devel-linux-x86_64-fedora-clang 0.2.13 158.31 NOTE
r-devel-linux-x86_64-fedora-gcc 0.2.13 159.52 NOTE
r-devel-windows-x86_64 0.2.13 12.00 106.00 118.00 NOTE
r-patched-linux-x86_64 0.2.13 12.28 107.53 119.81 NOTE
r-release-linux-x86_64 0.2.13 10.65 106.49 117.14 NOTE
r-release-macos-arm64 0.2.13 69.00 NOTE
r-release-macos-x86_64 0.2.13 90.00 NOTE
r-release-windows-x86_64 0.2.13 15.00 121.00 136.00 NOTE
r-oldrel-macos-arm64 0.2.13 46.00 OK
r-oldrel-macos-x86_64 0.2.13 83.00 OK
r-oldrel-windows-x86_64 0.2.13 16.00 125.00 141.00 OK

Check Details

Version: 0.2.13
Check: Rd files
Result: NOTE
    checkRd: (-1) my.bspline.Rd:21: Escaped LaTeX specials: \$ \$ \$ \$ \$ \$
    checkRd: (-1) my.bspline.Rd:27: Escaped LaTeX specials: \$ \$ \$
    checkRd: (-1) pendensity.Rd:52: Escaped LaTeX specials: \$
    checkRd: (-1) pendensity.Rd:57: Escaped LaTeX specials: \$ \$
    checkRd: (-1) pendensity.Rd:66: Escaped LaTeX specials: \$
    checkRd: (-1) pendensity.Rd:82: Escaped LaTeX specials: \$ \$
    checkRd: (-1) pendensity.Rd:96: Escaped LaTeX specials: \$
    checkRd: (-1) pendensity.Rd:100: Escaped LaTeX specials: \$
    checkRd: (-1) pendensity.Rd:105: Escaped LaTeX specials: \$
    checkRd: (-1) pendensity.Rd:109: Escaped LaTeX specials: \$
Flavors: r-devel-linux-x86_64-debian-clang, r-devel-linux-x86_64-debian-gcc, r-devel-linux-x86_64-fedora-clang, r-devel-linux-x86_64-fedora-gcc, r-devel-windows-x86_64, r-patched-linux-x86_64, r-release-linux-x86_64, r-release-macos-arm64, r-release-macos-x86_64, r-release-windows-x86_64