CRAN Package Check Results for Package pecora

Last updated on 2023-05-29 05:55:10 CEST.

Flavor Version Tinstall Tcheck Ttotal Status Flags
r-devel-linux-x86_64-debian-clang 0.1.1 40.98 28.26 69.24 OK
r-devel-linux-x86_64-debian-gcc 0.1.1 33.20 22.50 55.70 OK
r-devel-linux-x86_64-fedora-clang 0.1.1 108.84 OK
r-devel-linux-x86_64-fedora-gcc 0.1.1 104.90 OK
r-devel-windows-x86_64 0.1.1 36.00 63.00 99.00 NOTE
r-patched-linux-x86_64 0.1.1 37.48 27.68 65.16 OK
r-release-linux-x86_64 0.1.1 38.27 28.15 66.42 OK
r-release-macos-arm64 0.1.1 32.00 OK
r-release-macos-x86_64 0.1.1 53.00 OK
r-release-windows-x86_64 0.1.1 46.00 73.00 119.00 NOTE
r-oldrel-macos-arm64 0.1.1 28.00 OK
r-oldrel-macos-x86_64 0.1.1 38.00 OK
r-oldrel-windows-x86_64 0.1.1 48.00 70.00 118.00 OK

Check Details

Version: 0.1.1
Check: C++ specification
Result: NOTE
     Specified C++11: please drop specification unless essential
Flavors: r-devel-windows-x86_64, r-release-windows-x86_64