Last updated on 2023-06-03 05:52:38 CEST.
Flavor | Version | Tinstall | Tcheck | Ttotal | Status | Flags |
---|---|---|---|---|---|---|
r-devel-linux-x86_64-debian-clang | 2023.04.12 | 20.08 | 134.58 | 154.66 | OK | |
r-devel-linux-x86_64-debian-gcc | 2023.04.12 | 16.26 | 98.92 | 115.18 | OK | |
r-devel-linux-x86_64-fedora-clang | 2023.04.12 | 1.88 | ERROR | |||
r-devel-linux-x86_64-fedora-gcc | 2023.04.12 | 183.65 | OK | |||
r-devel-windows-x86_64 | 2023.04.12 | 20.00 | 113.00 | 133.00 | OK | |
r-patched-linux-x86_64 | 2023.04.12 | OK | ||||
r-release-linux-x86_64 | 2023.04.12 | 16.00 | 125.13 | 141.13 | OK | |
r-release-macos-arm64 | 2023.04.12 | 51.00 | OK | |||
r-release-macos-x86_64 | 2023.04.12 | 97.00 | OK | |||
r-release-windows-x86_64 | 2023.04.12 | 26.00 | 145.00 | 171.00 | OK | |
r-oldrel-macos-arm64 | 2023.04.12 | 49.00 | OK | |||
r-oldrel-macos-x86_64 | 2023.04.12 | 72.00 | OK | |||
r-oldrel-windows-x86_64 | 2023.04.12 | 25.00 | 135.00 | 160.00 | OK |
Version: 2023.04.12
Check: package dependencies
Result: ERROR
Package required but not available: ‘riskRegression’
See section ‘The DESCRIPTION file’ in the ‘Writing R Extensions’
manual.
Flavor: r-devel-linux-x86_64-fedora-clang