Last updated on 2023-05-28 05:52:14 CEST.
Flavor | Version | Tinstall | Tcheck | Ttotal | Status | Flags |
---|---|---|---|---|---|---|
r-devel-linux-x86_64-debian-clang | 1.2.6 | 51.64 | 118.81 | 170.45 | OK | |
r-devel-linux-x86_64-debian-gcc | 1.2.6 | 42.69 | 89.42 | 132.11 | OK | |
r-devel-linux-x86_64-fedora-clang | 1.2.6 | 226.98 | WARN | |||
r-devel-linux-x86_64-fedora-gcc | 1.2.6 | 217.35 | WARN | |||
r-devel-windows-x86_64 | 1.2.6 | 46.00 | 119.00 | 165.00 | OK | |
r-patched-linux-x86_64 | 1.2.6 | 48.21 | 112.70 | 160.91 | OK | |
r-release-linux-x86_64 | 1.2.6 | 45.81 | 113.44 | 159.25 | OK | |
r-release-macos-arm64 | 1.2.6 | 62.00 | OK | |||
r-release-macos-x86_64 | 1.2.6 | 87.00 | OK | |||
r-release-windows-x86_64 | 1.2.6 | 55.00 | 142.00 | 197.00 | OK | |
r-oldrel-macos-arm64 | 1.2.6 | 60.00 | OK | |||
r-oldrel-macos-x86_64 | 1.2.6 | 79.00 | OK | |||
r-oldrel-windows-x86_64 | 1.2.6 | 54.00 | 137.00 | 191.00 | OK |
Version: 1.2.6
Check: package dependencies
Result: WARN
Requires (indirectly) orphaned package: ‘ucminf’
Flavors: r-devel-linux-x86_64-fedora-clang, r-devel-linux-x86_64-fedora-gcc