Last updated on 2023-06-07 05:58:27 CEST.
Flavor | Version | Tinstall | Tcheck | Ttotal | Status | Flags |
---|---|---|---|---|---|---|
r-devel-linux-x86_64-debian-clang | 1.0.4 | 48.65 | 157.05 | 205.70 | NOTE | |
r-devel-linux-x86_64-debian-gcc | 1.0.4 | 40.73 | 117.06 | 157.79 | NOTE | |
r-devel-linux-x86_64-fedora-clang | 1.0.4 | 278.45 | NOTE | |||
r-devel-linux-x86_64-fedora-gcc | 1.0.4 | 257.58 | NOTE | |||
r-devel-windows-x86_64 | 1.0.4 | 44.00 | 144.00 | 188.00 | NOTE | |
r-patched-linux-x86_64 | 1.0.4 | 45.13 | 144.50 | 189.63 | NOTE | |
r-release-linux-x86_64 | 1.0.4 | 41.34 | 147.90 | 189.24 | NOTE | |
r-release-macos-arm64 | 1.0.4 | 67.00 | NOTE | |||
r-release-macos-x86_64 | 1.0.4 | 122.00 | NOTE | |||
r-release-windows-x86_64 | 1.0.4 | 54.00 | 176.00 | 230.00 | NOTE | |
r-oldrel-macos-arm64 | 1.0.4 | 65.00 | OK | |||
r-oldrel-macos-x86_64 | 1.0.4 | 99.00 | OK | |||
r-oldrel-windows-x86_64 | 1.0.4 | 53.00 | 174.00 | 227.00 | OK |
Version: 1.0.4
Check: C++ specification
Result: NOTE
Specified C++11: please drop specification unless essential
Flavors: r-devel-linux-x86_64-debian-clang, r-devel-linux-x86_64-debian-gcc, r-devel-linux-x86_64-fedora-clang, r-devel-linux-x86_64-fedora-gcc, r-devel-windows-x86_64, r-patched-linux-x86_64, r-release-linux-x86_64, r-release-macos-arm64, r-release-macos-x86_64, r-release-windows-x86_64