Last updated on 2023-06-10 05:52:40 CEST.
Flavor | Version | Tinstall | Tcheck | Ttotal | Status | Flags |
---|---|---|---|---|---|---|
r-devel-linux-x86_64-debian-clang | 0.1.0 | 1.91 | 25.07 | 26.98 | OK | |
r-devel-linux-x86_64-debian-gcc | 0.1.0 | 1.68 | 20.06 | 21.74 | OK | |
r-devel-linux-x86_64-fedora-clang | 0.1.0 | 35.08 | OK | |||
r-devel-linux-x86_64-fedora-gcc | 0.1.0 | 44.00 | OK | |||
r-devel-windows-x86_64 | 0.1.0 | 3.00 | 43.00 | 46.00 | NOTE | |
r-patched-linux-x86_64 | 0.1.0 | 1.87 | 24.74 | 26.61 | OK | |
r-release-linux-x86_64 | 0.1.0 | 1.62 | 24.45 | 26.07 | OK | |
r-release-macos-arm64 | 0.1.0 | 25.00 | OK | |||
r-release-macos-x86_64 | 0.1.0 | 29.00 | OK | |||
r-release-windows-x86_64 | 0.1.0 | 4.00 | 44.00 | 48.00 | NOTE | |
r-oldrel-macos-arm64 | 0.1.0 | 19.00 | OK | |||
r-oldrel-macos-x86_64 | 0.1.0 | 22.00 | OK | |||
r-oldrel-windows-x86_64 | 0.1.0 | 4.00 | 46.00 | 50.00 | NOTE |
Version: 0.1.0
Check: dependencies in R code
Result: NOTE
#STDOFF 2:05:08.9
#STDOFF 8:05:43.2
#STDOFF 7:36:41.7
#STDOFF -0:25:21.1
#STDOFF 1:39:49.2
#STDOFF -0:36:44.68
#STDOFF -4:56:01.6
#STDOFF -3:58:29.2
#STDOFF -4:19:18.3
#STDOFF -5:36:13.3
#STDOFF -4:56:16.4
#STDOFF 2:05:08.9
#STDOFF 8:05:43.2
#STDOFF 7:36:41.7
#STDOFF -0:25:21.1
#STDOFF 1:39:49.2
#STDOFF -0:36:44.68
#STDOFF -4:56:01.6
#STDOFF -3:58:29.2
#STDOFF -4:19:18.3
#STDOFF -5:36:13.3
#STDOFF -4:56:16.4
Flavors: r-devel-windows-x86_64, r-release-windows-x86_64, r-oldrel-windows-x86_64