CRAN Package Check Results for Package papci

Last updated on 2023-06-08 05:58:16 CEST.

Flavor Version Tinstall Tcheck Ttotal Status Flags
r-devel-linux-x86_64-debian-clang 0.1.0 9.04 69.87 78.91 OK
r-devel-linux-x86_64-debian-gcc 0.1.0 7.05 52.05 59.10 OK
r-devel-linux-x86_64-fedora-clang 0.1.0 98.46 NOTE
r-devel-linux-x86_64-fedora-gcc 0.1.0 90.97 NOTE
r-devel-windows-x86_64 0.1.0 9.00 69.00 78.00 OK
r-patched-linux-x86_64 0.1.0 13.87 65.78 79.65 OK
r-release-linux-x86_64 0.1.0 8.15 64.71 72.86 OK
r-release-macos-arm64 0.1.0 31.00 OK
r-release-macos-x86_64 0.1.0 45.00 OK
r-release-windows-x86_64 0.1.0 12.00 78.00 90.00 OK
r-oldrel-macos-arm64 0.1.0 45.00 NOTE
r-oldrel-macos-x86_64 0.1.0 86.00 NOTE
r-oldrel-windows-x86_64 0.1.0 12.00 85.00 97.00 OK

Check Details

Version: 0.1.0
Check: dependencies in R code
Result: NOTE
    Namespace in Imports field not imported from: ‘DT’
     All declared Imports should be used.
Flavors: r-devel-linux-x86_64-fedora-clang, r-devel-linux-x86_64-fedora-gcc, r-oldrel-macos-arm64, r-oldrel-macos-x86_64