CRAN Package Check Results for Package pan

Last updated on 2023-06-09 05:55:06 CEST.

Flavor Version Tinstall Tcheck Ttotal Status Flags
r-devel-linux-x86_64-debian-clang 1.6 6.71 34.24 40.95 NOTE
r-devel-linux-x86_64-debian-gcc 1.6 4.81 26.71 31.52 NOTE
r-devel-linux-x86_64-fedora-clang 1.6 53.66 NOTE
r-devel-linux-x86_64-fedora-gcc 1.6 62.83 NOTE
r-devel-windows-x86_64 1.6 12.00 64.00 76.00 NOTE
r-patched-linux-x86_64 1.6 5.87 33.03 38.90 NOTE
r-release-linux-x86_64 1.6 5.88 33.20 39.08 NOTE
r-release-macos-arm64 1.6 29.00 NOTE
r-release-macos-x86_64 1.6 37.00 NOTE
r-release-windows-x86_64 1.6 8.00 63.00 71.00 NOTE
r-oldrel-macos-arm64 1.6 24.00 OK
r-oldrel-macos-x86_64 1.6 31.00 OK
r-oldrel-windows-x86_64 1.6 9.00 64.00 73.00 OK

Check Details

Version: 1.6
Check: Rd files
Result: NOTE
    checkRd: (-1) pan.bd.Rd:65: Escaped LaTeX specials: \$
Flavors: r-devel-linux-x86_64-debian-clang, r-devel-linux-x86_64-debian-gcc, r-devel-linux-x86_64-fedora-clang, r-devel-linux-x86_64-fedora-gcc, r-devel-windows-x86_64, r-patched-linux-x86_64, r-release-linux-x86_64, r-release-macos-arm64, r-release-macos-x86_64, r-release-windows-x86_64

Version: 1.6
Check: package dependencies
Result: NOTE
    Package suggested but not available for checking: ‘lme4’
Flavor: r-release-macos-x86_64