CRAN Package Check Results for Package pamr

Last updated on 2023-12-08 05:02:12 CET.

Flavor Version Tinstall Tcheck Ttotal Status Flags
r-devel-linux-x86_64-debian-clang 1.56.1 9.70 82.23 91.93 NOTE
r-devel-linux-x86_64-debian-gcc 1.56.1 8.86 63.00 71.86 NOTE
r-devel-linux-x86_64-fedora-clang 1.56.1 117.04 NOTE
r-devel-linux-x86_64-fedora-gcc 1.56.1 112.76 NOTE
r-devel-windows-x86_64 1.56.1 11.00 84.00 95.00 NOTE
r-patched-linux-x86_64 1.56.1 11.76 82.27 94.03 NOTE
r-release-linux-x86_64 1.56.1 9.93 82.33 92.26 NOTE
r-release-macos-arm64 1.56.1 41.00 NOTE
r-release-macos-x86_64 1.56.1 65.00 NOTE
r-release-windows-x86_64 1.56.1 14.00 96.00 110.00 NOTE
r-oldrel-macos-arm64 1.56.1 41.00 OK
r-oldrel-macos-x86_64 1.56.1 52.00 OK
r-oldrel-windows-x86_64 1.56.1 14.00 102.00 116.00 OK

Check Details

Version: 1.56.1
Check: Rd \usage sections
Result: NOTE S3 methods shown with full name in Rd file 'pamr.internal.Rd': ‘print.nsc’ ‘print.nsccv’ The \usage entries for S3 methods should use the \method markup and not their full name. See chapter ‘Writing R documentation files’ in the ‘Writing R Extensions’ manual. Flavors: r-devel-linux-x86_64-debian-clang, r-devel-linux-x86_64-debian-gcc, r-devel-linux-x86_64-fedora-clang, r-devel-linux-x86_64-fedora-gcc, r-devel-windows-x86_64

Version: 1.56.1
Check: compiled code
Result: NOTE File ‘pamr/libs/pamr.so’: Found no calls to: ‘R_registerRoutines’, ‘R_useDynamicSymbols’ It is good practice to register native routines and to disable symbol search. See ‘Writing portable packages’ in the ‘Writing R Extensions’ manual. Flavors: r-devel-linux-x86_64-fedora-clang, r-devel-linux-x86_64-fedora-gcc

Version: 1.56.1
Check: Rd \usage sections
Result: NOTE S3 methods shown with full name in documentation object 'pamr-internal': ‘print.nsc’ ‘print.nsccv’ The \usage entries for S3 methods should use the \method markup and not their full name. See chapter ‘Writing R documentation files’ in the ‘Writing R Extensions’ manual. Flavors: r-patched-linux-x86_64, r-release-linux-x86_64, r-release-macos-arm64, r-release-macos-x86_64, r-release-windows-x86_64