Last updated on 2023-06-03 05:52:38 CEST.
Flavor | Version | Tinstall | Tcheck | Ttotal | Status | Flags |
---|---|---|---|---|---|---|
r-devel-linux-x86_64-debian-clang | 0.5.91 | 17.77 | 204.18 | 221.95 | OK | |
r-devel-linux-x86_64-debian-gcc | 0.5.91 | 14.64 | 155.04 | 169.68 | OK | |
r-devel-linux-x86_64-fedora-clang | 0.5.91 | 1.86 | ERROR | |||
r-devel-linux-x86_64-fedora-gcc | 0.5.91 | 271.27 | OK | |||
r-devel-windows-x86_64 | 0.5.91 | 17.00 | 172.00 | 189.00 | OK | |
r-patched-linux-x86_64 | 0.5.91 | OK | ||||
r-release-linux-x86_64 | 0.5.91 | 17.86 | 195.46 | 213.32 | OK | |
r-release-macos-arm64 | 0.5.91 | 85.00 | OK | |||
r-release-macos-x86_64 | 0.5.91 | 138.00 | OK | |||
r-release-windows-x86_64 | 0.5.91 | 21.00 | 212.00 | 233.00 | OK | |
r-oldrel-macos-arm64 | 0.5.91 | 57.00 | OK | |||
r-oldrel-macos-x86_64 | 0.5.91 | 102.00 | OK | |||
r-oldrel-windows-x86_64 | 0.5.91 | 22.00 | 194.00 | 216.00 | OK |
Version: 0.5.91
Check: package dependencies
Result: ERROR
Package required but not available: ‘pec’
See section ‘The DESCRIPTION file’ in the ‘Writing R Extensions’
manual.
Flavor: r-devel-linux-x86_64-fedora-clang