Last updated on 2023-05-28 05:52:14 CEST.
Flavor | Version | Tinstall | Tcheck | Ttotal | Status | Flags |
---|---|---|---|---|---|---|
r-devel-linux-x86_64-debian-clang | 0.2.2 | 30.22 | 399.09 | 429.31 | OK | |
r-devel-linux-x86_64-debian-gcc | 0.2.2 | 22.25 | 299.07 | 321.32 | OK | |
r-devel-linux-x86_64-fedora-clang | 0.2.2 | 549.56 | NOTE | |||
r-devel-linux-x86_64-fedora-gcc | 0.2.2 | 570.85 | NOTE | |||
r-devel-windows-x86_64 | 0.2.2 | 30.00 | 348.00 | 378.00 | OK | |
r-patched-linux-x86_64 | 0.2.2 | 27.47 | 378.83 | 406.30 | OK | |
r-release-linux-x86_64 | 0.2.2 | 24.54 | 378.61 | 403.15 | OK | |
r-release-macos-arm64 | 0.2.2 | 162.00 | OK | |||
r-release-macos-x86_64 | 0.2.2 | 261.00 | OK | |||
r-release-windows-x86_64 | 0.2.2 | 36.00 | 454.00 | 490.00 | OK | |
r-oldrel-macos-arm64 | 0.2.2 | 122.00 | NOTE | |||
r-oldrel-macos-x86_64 | 0.2.2 | 207.00 | NOTE | |||
r-oldrel-windows-x86_64 | 0.2.2 | 41.00 | 442.00 | 483.00 | OK |
Version: 0.2.2
Check: package dependencies
Result: NOTE
Imports includes 29 non-default packages.
Importing from so many packages makes the package vulnerable to any of
them becoming unavailable. Move as many as possible to Suggests and
use conditionally.
Flavor: r-devel-linux-x86_64-fedora-clang
Version: 0.2.2
Check: dependencies in R code
Result: NOTE
Namespaces in Imports field not imported from:
‘flexsurv’ ‘nlme’ ‘tibble’ ‘tidyverse’ ‘tm’
All declared Imports should be used.
Flavors: r-devel-linux-x86_64-fedora-clang, r-devel-linux-x86_64-fedora-gcc, r-oldrel-macos-arm64, r-oldrel-macos-x86_64