Last updated on 2023-06-07 05:58:27 CEST.
Flavor | Version | Tinstall | Tcheck | Ttotal | Status | Flags |
---|---|---|---|---|---|---|
r-devel-linux-x86_64-debian-clang | 1.1.4 | 59.70 | 90.01 | 149.71 | OK | |
r-devel-linux-x86_64-debian-gcc | 1.1.4 | 47.83 | 69.08 | 116.91 | OK | |
r-devel-linux-x86_64-fedora-clang | 1.1.4 | 204.76 | OK | |||
r-devel-linux-x86_64-fedora-gcc | 1.1.4 | 209.78 | OK | |||
r-devel-windows-x86_64 | 1.1.4 | 42.00 | 94.00 | 136.00 | OK | |
r-patched-linux-x86_64 | 1.1.4 | 50.69 | 85.66 | 136.35 | OK | |
r-release-linux-x86_64 | 1.1.4 | 47.36 | 84.16 | 131.52 | OK | |
r-release-macos-arm64 | 1.1.4 | 71.00 | OK | |||
r-release-macos-x86_64 | 1.1.4 | 113.00 | NOTE | |||
r-release-windows-x86_64 | 1.1.4 | 56.00 | 107.00 | 163.00 | OK | |
r-oldrel-macos-arm64 | 1.1.4 | 76.00 | OK | |||
r-oldrel-macos-x86_64 | 1.1.4 | 75.00 | OK | |||
r-oldrel-windows-x86_64 | 1.1.4 | 57.00 | 105.00 | 162.00 | OK |
Version: 1.1.4
Check: package dependencies
Result: NOTE
Package suggested but not available for checking: ‘ePCR’
Flavor: r-release-macos-x86_64