Last updated on 2023-05-31 05:56:15 CEST.
Flavor | Version | Tinstall | Tcheck | Ttotal | Status | Flags |
---|---|---|---|---|---|---|
r-devel-linux-x86_64-debian-clang | 0.11.4 | 17.41 | 126.75 | 144.16 | OK | |
r-devel-linux-x86_64-debian-gcc | 0.11.4 | 14.98 | 98.67 | 113.65 | OK | |
r-devel-linux-x86_64-fedora-clang | 0.11.4 | 185.74 | NOTE | |||
r-devel-linux-x86_64-fedora-gcc | 0.11.4 | 177.73 | OK | |||
r-devel-windows-x86_64 | 0.11.4 | 17.00 | 127.00 | 144.00 | NOTE | |
r-patched-linux-x86_64 | 0.11.4 | 18.90 | 123.30 | 142.20 | OK | |
r-release-linux-x86_64 | 0.11.4 | 18.92 | 123.39 | 142.31 | OK | |
r-release-macos-arm64 | 0.11.4 | 51.00 | NOTE | |||
r-release-macos-x86_64 | 0.11.4 | 90.00 | NOTE | |||
r-release-windows-x86_64 | 0.11.4 | 24.00 | 158.00 | 182.00 | NOTE | |
r-oldrel-macos-arm64 | 0.11.4 | 48.00 | NOTE | |||
r-oldrel-macos-x86_64 | 0.11.4 | 67.00 | NOTE | |||
r-oldrel-windows-x86_64 | 0.11.4 | 25.00 | 130.00 | 155.00 | NOTE |
Version: 0.11.4
Check: installed package size
Result: NOTE
installed size is 6.6Mb
sub-directories of 1Mb or more:
R 1.0Mb
nifti 3.8Mb
Flavors: r-devel-linux-x86_64-fedora-clang, r-devel-windows-x86_64, r-release-macos-arm64, r-release-macos-x86_64, r-release-windows-x86_64, r-oldrel-macos-arm64, r-oldrel-macos-x86_64, r-oldrel-windows-x86_64