CRAN Package Check Results for Package ora

Last updated on 2023-06-02 05:58:05 CEST.

Flavor Version Tinstall Tcheck Ttotal Status Flags
r-devel-linux-x86_64-debian-clang 2.0-1 3.12 30.63 33.75 OK --install=fake --no-examples --no-tests --no-vignettes
r-devel-linux-x86_64-debian-gcc 2.0-1 2.30 24.02 26.32 OK --install=fake --no-examples --no-tests --no-vignettes
r-devel-windows-x86_64 2.0-1 0.00 4.00 4.00 ERROR
r-patched-linux-x86_64 2.0-1 OK --install=fake --no-examples --no-tests --no-vignettes
r-release-linux-x86_64 2.0-1 3.08 29.48 32.56 OK --install=fake --no-examples --no-tests --no-vignettes
r-release-macos-arm64 2.0-1 7.00 ERROR
r-release-macos-x86_64 2.0-1 6.00 ERROR
r-release-windows-x86_64 2.0-1 1.00 6.00 7.00 ERROR
r-oldrel-macos-arm64 2.0-1 10.00 ERROR
r-oldrel-macos-x86_64 2.0-1 12.00 ERROR
r-oldrel-windows-x86_64 2.0-1 1.00 7.00 8.00 ERROR

Check Details

Version: 2.0-1
Check: package dependencies
Result: ERROR
    Package required but not available: 'ROracle'
    
    See section 'The DESCRIPTION file' in the 'Writing R Extensions'
    manual.
Flavors: r-devel-windows-x86_64, r-release-macos-arm64, r-release-macos-x86_64, r-release-windows-x86_64, r-oldrel-macos-arm64, r-oldrel-macos-x86_64, r-oldrel-windows-x86_64