Last updated on 2023-06-09 05:55:06 CEST.
Flavor | Version | Tinstall | Tcheck | Ttotal | Status | Flags |
---|---|---|---|---|---|---|
r-devel-linux-x86_64-debian-clang | 0.2.0 | 2.85 | 224.50 | 227.35 | OK | |
r-devel-linux-x86_64-debian-gcc | 0.2.0 | 2.45 | 156.84 | 159.29 | OK | |
r-devel-linux-x86_64-fedora-clang | 0.2.0 | 265.08 | NOTE | |||
r-devel-linux-x86_64-fedora-gcc | 0.2.0 | 271.81 | NOTE | |||
r-devel-windows-x86_64 | 0.2.0 | 4.00 | 193.00 | 197.00 | OK | |
r-patched-linux-x86_64 | 0.2.0 | 2.29 | 211.23 | 213.52 | OK | |
r-release-linux-x86_64 | 0.2.0 | 2.04 | 212.04 | 214.08 | OK | |
r-release-macos-arm64 | 0.2.0 | 82.00 | OK | |||
r-release-macos-x86_64 | 0.2.0 | 144.00 | OK | |||
r-release-windows-x86_64 | 0.2.0 | 5.00 | 216.00 | 221.00 | OK | |
r-oldrel-macos-arm64 | 0.2.0 | 75.00 | NOTE | |||
r-oldrel-macos-x86_64 | 0.2.0 | 88.00 | NOTE | |||
r-oldrel-windows-x86_64 | 0.2.0 | 5.00 | 216.00 | 221.00 | OK |
Version: 0.2.0
Check: dependencies in R code
Result: NOTE
Namespace in Imports field not imported from: ‘methods’
All declared Imports should be used.
Flavors: r-devel-linux-x86_64-fedora-clang, r-devel-linux-x86_64-fedora-gcc, r-oldrel-macos-arm64, r-oldrel-macos-x86_64