CRAN Package Check Results for Package opendotaR

Last updated on 2023-05-29 05:55:09 CEST.

Flavor Version Tinstall Tcheck Ttotal Status Flags
r-devel-linux-x86_64-debian-clang 0.1.4 1.93 20.40 22.33 NOTE
r-devel-linux-x86_64-debian-gcc 0.1.4 1.69 16.25 17.94 NOTE
r-devel-linux-x86_64-fedora-clang 0.1.4 28.43 NOTE
r-devel-linux-x86_64-fedora-gcc 0.1.4 26.85 NOTE
r-devel-windows-x86_64 0.1.4 4.00 39.00 43.00 NOTE
r-patched-linux-x86_64 0.1.4 1.71 19.60 21.31 NOTE
r-release-linux-x86_64 0.1.4 2.00 20.00 22.00 NOTE
r-release-macos-arm64 0.1.4 16.00 NOTE
r-release-macos-x86_64 0.1.4 18.00 NOTE
r-release-windows-x86_64 0.1.4 4.00 37.00 41.00 NOTE
r-oldrel-macos-arm64 0.1.4 15.00 NOTE
r-oldrel-macos-x86_64 0.1.4 23.00 NOTE
r-oldrel-windows-x86_64 0.1.4 4.00 41.00 45.00 NOTE

Check Details

Version: 0.1.4
Check: LazyData
Result: NOTE
     'LazyData' is specified without a 'data' directory
Flavors: r-devel-linux-x86_64-debian-clang, r-devel-linux-x86_64-debian-gcc, r-devel-linux-x86_64-fedora-clang, r-devel-linux-x86_64-fedora-gcc, r-devel-windows-x86_64, r-patched-linux-x86_64, r-release-linux-x86_64, r-release-macos-arm64, r-release-macos-x86_64, r-release-windows-x86_64, r-oldrel-macos-arm64, r-oldrel-macos-x86_64, r-oldrel-windows-x86_64

Version: 0.1.4
Check: dependencies in R code
Result: NOTE
    Namespace in Imports field not imported from: ‘dplyr’
     All declared Imports should be used.
Flavors: r-devel-linux-x86_64-fedora-clang, r-devel-linux-x86_64-fedora-gcc, r-oldrel-macos-arm64, r-oldrel-macos-x86_64