Last updated on 2023-05-29 05:55:09 CEST.
Flavor | Version | Tinstall | Tcheck | Ttotal | Status | Flags |
---|---|---|---|---|---|---|
r-devel-linux-x86_64-debian-clang | 1.0.0 | 8.78 | 67.93 | 76.71 | OK | |
r-devel-linux-x86_64-debian-gcc | 1.0.0 | 7.11 | 52.15 | 59.26 | OK | |
r-devel-linux-x86_64-fedora-clang | 1.0.0 | 94.15 | NOTE | |||
r-devel-linux-x86_64-fedora-gcc | 1.0.0 | 90.57 | NOTE | |||
r-devel-windows-x86_64 | 1.0.0 | 9.00 | 75.00 | 84.00 | OK | |
r-patched-linux-x86_64 | 1.0.0 | 8.09 | 62.88 | 70.97 | OK | |
r-release-linux-x86_64 | 1.0.0 | 6.11 | 63.74 | 69.85 | OK | |
r-release-macos-arm64 | 1.0.0 | 25.00 | OK | |||
r-release-macos-x86_64 | 1.0.0 | 38.00 | OK | |||
r-release-windows-x86_64 | 1.0.0 | 13.00 | 81.00 | 94.00 | OK | |
r-oldrel-macos-arm64 | 1.0.0 | 27.00 | NOTE | |||
r-oldrel-macos-x86_64 | 1.0.0 | 57.00 | NOTE | |||
r-oldrel-windows-x86_64 | 1.0.0 | 12.00 | 88.00 | 100.00 | OK |
Version: 1.0.0
Check: data for non-ASCII characters
Result: NOTE
Note: found 34 marked UTF-8 strings
Flavors: r-devel-linux-x86_64-fedora-clang, r-devel-linux-x86_64-fedora-gcc, r-oldrel-macos-arm64, r-oldrel-macos-x86_64