Last updated on 2023-06-09 05:55:05 CEST.
Flavor | Version | Tinstall | Tcheck | Ttotal | Status | Flags |
---|---|---|---|---|---|---|
r-devel-linux-x86_64-debian-clang | 1.3.1 | 53.64 | 80.51 | 134.15 | OK | |
r-devel-linux-x86_64-debian-gcc | 1.3.1 | 43.07 | 61.86 | 104.93 | OK | |
r-devel-linux-x86_64-fedora-clang | 1.3.1 | 184.14 | NOTE | |||
r-devel-linux-x86_64-fedora-gcc | 1.3.1 | 189.78 | NOTE | |||
r-devel-windows-x86_64 | 1.3.1 | 48.00 | 98.00 | 146.00 | OK | |
r-patched-linux-x86_64 | 1.3.1 | 44.99 | 76.89 | 121.88 | OK | |
r-release-linux-x86_64 | 1.3.1 | 47.77 | 77.63 | 125.40 | OK | |
r-release-macos-arm64 | 1.3.1 | 50.00 | OK | |||
r-release-macos-x86_64 | 1.3.1 | 81.00 | OK | |||
r-release-windows-x86_64 | 1.3.1 | 57.00 | 114.00 | 171.00 | OK | |
r-oldrel-macos-arm64 | 1.3.1 | 46.00 | OK | |||
r-oldrel-macos-x86_64 | 1.3.1 | 62.00 | OK | |||
r-oldrel-windows-x86_64 | 1.3.1 | 55.00 | 111.00 | 166.00 | OK |
Version: 1.3.1
Check: compiled code
Result: NOTE
File ‘onlinePCA/libs/onlinePCA.so’:
Found no calls to: ‘R_registerRoutines’, ‘R_useDynamicSymbols’
It is good practice to register native routines and to disable symbol
search.
See ‘Writing portable packages’ in the ‘Writing R Extensions’ manual.
Flavors: r-devel-linux-x86_64-fedora-clang, r-devel-linux-x86_64-fedora-gcc