CRAN Package Check Results for Package onetime

Last updated on 2023-06-06 05:55:17 CEST.

Flavor Version Tinstall Tcheck Ttotal Status Flags
r-devel-linux-x86_64-debian-clang 0.1.0 1.90 26.94 28.84 OK
r-devel-linux-x86_64-debian-gcc 0.1.0 1.62 21.45 23.07 OK
r-devel-linux-x86_64-fedora-clang 0.1.0 38.20 NOTE
r-devel-linux-x86_64-fedora-gcc 0.1.0 36.77 OK
r-devel-windows-x86_64 0.1.0 6.00 50.00 56.00 OK
r-patched-linux-x86_64 0.1.0 2.52 26.97 29.49 OK
r-release-linux-x86_64 0.1.0 1.70 26.86 28.56 OK
r-release-macos-arm64 0.1.0 21.00 OK
r-release-macos-x86_64 0.1.0 28.00 OK
r-release-windows-x86_64 0.1.0 3.00 55.00 58.00 OK
r-oldrel-macos-arm64 0.1.0 22.00 OK
r-oldrel-macos-x86_64 0.1.0 26.00 OK
r-oldrel-windows-x86_64 0.1.0 4.00 55.00 59.00 OK

Check Details

Version: 0.1.0
Check: Rd cross-references
Result: NOTE
    Undeclared package ‘lubridate’ in Rd xrefs
Flavor: r-devel-linux-x86_64-fedora-clang