Last updated on 2023-06-09 05:55:05 CEST.
Flavor | Version | Tinstall | Tcheck | Ttotal | Status | Flags |
---|---|---|---|---|---|---|
r-devel-linux-x86_64-debian-clang | 0.1.2 | 5.79 | 46.69 | 52.48 | NOTE | |
r-devel-linux-x86_64-debian-gcc | 0.1.2 | 4.44 | 35.92 | 40.36 | NOTE | |
r-devel-linux-x86_64-fedora-clang | 0.1.2 | 64.35 | NOTE | |||
r-devel-linux-x86_64-fedora-gcc | 0.1.2 | 75.92 | NOTE | |||
r-devel-windows-x86_64 | 0.1.2 | 6.00 | 57.00 | 63.00 | NOTE | |
r-patched-linux-x86_64 | 0.1.2 | 4.75 | 44.05 | 48.80 | NOTE | |
r-release-linux-x86_64 | 0.1.2 | 4.79 | 43.42 | 48.21 | NOTE | |
r-release-macos-arm64 | 0.1.2 | 32.00 | NOTE | |||
r-release-macos-x86_64 | 0.1.2 | 48.00 | NOTE | |||
r-release-windows-x86_64 | 0.1.2 | 7.00 | 63.00 | 70.00 | NOTE | |
r-oldrel-macos-arm64 | 0.1.2 | 27.00 | NOTE | |||
r-oldrel-macos-x86_64 | 0.1.2 | 49.00 | NOTE | |||
r-oldrel-windows-x86_64 | 0.1.2 | 8.00 | 64.00 | 72.00 | NOTE |
Version: 0.1.2
Check: LazyData
Result: NOTE
'LazyData' is specified without a 'data' directory
Flavors: r-devel-linux-x86_64-debian-clang, r-devel-linux-x86_64-debian-gcc, r-devel-linux-x86_64-fedora-clang, r-devel-linux-x86_64-fedora-gcc, r-devel-windows-x86_64, r-patched-linux-x86_64, r-release-linux-x86_64, r-release-macos-arm64, r-release-macos-x86_64, r-release-windows-x86_64, r-oldrel-macos-arm64, r-oldrel-macos-x86_64, r-oldrel-windows-x86_64
Version: 0.1.2
Check: Rd cross-references
Result: NOTE
Undeclared packages ‘ensurer’, ‘validate’ in Rd xrefs
Flavor: r-devel-linux-x86_64-fedora-clang