Last updated on 2023-05-29 05:55:09 CEST.
Flavor | Version | Tinstall | Tcheck | Ttotal | Status | Flags |
---|---|---|---|---|---|---|
r-devel-linux-x86_64-debian-clang | 0.4.0 | 43.95 | 67.86 | 111.81 | NOTE | |
r-devel-linux-x86_64-debian-gcc | 0.4.0 | 38.01 | 50.77 | 88.78 | NOTE | |
r-devel-linux-x86_64-fedora-clang | 0.4.0 | 148.99 | NOTE | |||
r-devel-linux-x86_64-fedora-gcc | 0.4.0 | 147.97 | NOTE | |||
r-devel-windows-x86_64 | 0.4.0 | 39.00 | 88.00 | 127.00 | NOTE | |
r-patched-linux-x86_64 | 0.4.0 | 44.57 | 63.65 | 108.22 | NOTE | |
r-release-linux-x86_64 | 0.4.0 | 39.39 | 63.73 | 103.12 | NOTE | |
r-release-macos-arm64 | 0.4.0 | 44.00 | NOTE | |||
r-release-macos-x86_64 | 0.4.0 | 69.00 | NOTE | |||
r-release-windows-x86_64 | 0.4.0 | 48.00 | 106.00 | 154.00 | NOTE | |
r-oldrel-macos-arm64 | 0.4.0 | 40.00 | OK | |||
r-oldrel-macos-x86_64 | 0.4.0 | 68.00 | OK | |||
r-oldrel-windows-x86_64 | 0.4.0 | 44.00 | 99.00 | 143.00 | OK |
Version: 0.4.0
Check: C++ specification
Result: NOTE
Specified C++11: please drop specification unless essential
Flavors: r-devel-linux-x86_64-debian-clang, r-devel-linux-x86_64-debian-gcc, r-devel-linux-x86_64-fedora-clang, r-devel-linux-x86_64-fedora-gcc, r-devel-windows-x86_64, r-patched-linux-x86_64, r-release-linux-x86_64, r-release-macos-arm64, r-release-macos-x86_64, r-release-windows-x86_64