Last updated on 2023-05-28 05:52:13 CEST.
Flavor | Version | Tinstall | Tcheck | Ttotal | Status | Flags |
---|---|---|---|---|---|---|
r-devel-linux-x86_64-debian-clang | 0.2.0 | 6.14 | 69.60 | 75.74 | OK | |
r-devel-linux-x86_64-debian-gcc | 0.2.0 | 4.78 | 52.50 | 57.28 | OK | |
r-devel-linux-x86_64-fedora-clang | 0.2.0 | 92.65 | NOTE | |||
r-devel-linux-x86_64-fedora-gcc | 0.2.0 | 97.29 | OK | |||
r-devel-windows-x86_64 | 0.2.0 | 7.00 | 77.00 | 84.00 | OK | |
r-patched-linux-x86_64 | 0.2.0 | 9.70 | 65.24 | 74.94 | OK | |
r-release-linux-x86_64 | 0.2.0 | 3.70 | 64.39 | 68.09 | OK | |
r-release-macos-arm64 | 0.2.0 | 123.00 | OK | |||
r-release-macos-x86_64 | 0.2.0 | 58.00 | OK | |||
r-release-windows-x86_64 | 0.2.0 | 9.00 | 88.00 | 97.00 | OK | |
r-oldrel-macos-arm64 | 0.2.0 | 29.00 | OK | |||
r-oldrel-macos-x86_64 | 0.2.0 | 42.00 | OK | |||
r-oldrel-windows-x86_64 | 0.2.0 | 8.00 | 85.00 | 93.00 | OK |
Version: 0.2.0
Check: Rd cross-references
Result: NOTE
Undeclared package ‘tidyselect’ in Rd xrefs
Flavor: r-devel-linux-x86_64-fedora-clang