Last updated on 2023-06-08 05:58:15 CEST.
Flavor | Version | Tinstall | Tcheck | Ttotal | Status | Flags |
---|---|---|---|---|---|---|
r-devel-linux-x86_64-debian-clang | 0.2.2 | 24.28 | 57.04 | 81.32 | NOTE | |
r-devel-linux-x86_64-debian-gcc | 0.2.2 | 18.22 | 42.56 | 60.78 | NOTE | |
r-devel-linux-x86_64-fedora-clang | 0.2.2 | 109.00 | NOTE | |||
r-devel-linux-x86_64-fedora-gcc | 0.2.2 | 104.25 | NOTE | |||
r-devel-windows-x86_64 | 0.2.2 | 18.00 | 84.00 | 102.00 | NOTE | |
r-patched-linux-x86_64 | 0.2.2 | 21.61 | 52.81 | 74.42 | NOTE | |
r-release-linux-x86_64 | 0.2.2 | 19.74 | 52.81 | 72.55 | NOTE | |
r-release-macos-arm64 | 0.2.2 | 36.00 | NOTE | |||
r-release-macos-x86_64 | 0.2.2 | 52.00 | NOTE | |||
r-release-windows-x86_64 | 0.2.2 | 19.00 | 93.00 | 112.00 | NOTE | |
r-oldrel-macos-arm64 | 0.2.2 | 32.00 | NOTE | |||
r-oldrel-macos-x86_64 | 0.2.2 | 40.00 | NOTE | |||
r-oldrel-windows-x86_64 | 0.2.2 | 22.00 | 90.00 | 112.00 | NOTE |
Version: 0.2.2
Check: LazyData
Result: NOTE
'LazyData' is specified without a 'data' directory
Flavors: r-devel-linux-x86_64-debian-clang, r-devel-linux-x86_64-debian-gcc, r-devel-linux-x86_64-fedora-clang, r-devel-linux-x86_64-fedora-gcc, r-devel-windows-x86_64, r-patched-linux-x86_64, r-release-linux-x86_64, r-release-macos-arm64, r-release-macos-x86_64, r-release-windows-x86_64, r-oldrel-macos-arm64, r-oldrel-macos-x86_64, r-oldrel-windows-x86_64
Version: 0.2.2
Check: compiled code
Result: NOTE
File ‘noncompliance/libs/noncompliance.so’:
Found no calls to: ‘R_registerRoutines’, ‘R_useDynamicSymbols’
It is good practice to register native routines and to disable symbol
search.
See ‘Writing portable packages’ in the ‘Writing R Extensions’ manual.
Flavors: r-devel-linux-x86_64-fedora-clang, r-devel-linux-x86_64-fedora-gcc