Last updated on 2023-06-02 05:58:05 CEST.
Flavor | Version | Tinstall | Tcheck | Ttotal | Status | Flags |
---|---|---|---|---|---|---|
r-devel-linux-x86_64-debian-clang | 3.0 | 12.95 | 117.01 | 129.96 | NOTE | |
r-devel-linux-x86_64-debian-gcc | 3.0 | 12.14 | 86.48 | 98.62 | NOTE | |
r-devel-linux-x86_64-fedora-clang | 3.0 | 163.70 | NOTE | |||
r-devel-linux-x86_64-fedora-gcc | 3.0 | 153.95 | NOTE | |||
r-devel-windows-x86_64 | 3.0 | 13.00 | 96.00 | 109.00 | NOTE | |
r-patched-linux-x86_64 | 3.0 | NOTE | ||||
r-release-linux-x86_64 | 3.0 | 11.17 | 108.34 | 119.51 | NOTE | |
r-release-macos-arm64 | 3.0 | 52.00 | NOTE | |||
r-release-macos-x86_64 | 3.0 | 78.00 | NOTE | |||
r-release-windows-x86_64 | 3.0 | 16.00 | 118.00 | 134.00 | NOTE | |
r-oldrel-macos-arm64 | 3.0 | 50.00 | NOTE | |||
r-oldrel-macos-x86_64 | 3.0 | 69.00 | NOTE | |||
r-oldrel-windows-x86_64 | 3.0 | 17.00 | 113.00 | 130.00 | NOTE |
Version: 3.0
Check: LazyData
Result: NOTE
'LazyData' is specified without a 'data' directory
Flavors: r-devel-linux-x86_64-debian-clang, r-devel-linux-x86_64-debian-gcc, r-devel-linux-x86_64-fedora-clang, r-devel-linux-x86_64-fedora-gcc, r-devel-windows-x86_64, r-patched-linux-x86_64, r-release-linux-x86_64, r-release-macos-arm64, r-release-macos-x86_64, r-release-windows-x86_64, r-oldrel-macos-arm64, r-oldrel-macos-x86_64, r-oldrel-windows-x86_64