Last updated on 2023-06-06 05:55:17 CEST.
Flavor | Version | Tinstall | Tcheck | Ttotal | Status | Flags |
---|---|---|---|---|---|---|
r-devel-linux-x86_64-debian-clang | 2.6.1 | 8.29 | 87.31 | 95.60 | OK | |
r-devel-linux-x86_64-debian-gcc | 2.6.1 | 6.15 | 65.15 | 71.30 | OK | |
r-devel-linux-x86_64-fedora-clang | 2.6.1 | 118.85 | OK | |||
r-devel-linux-x86_64-fedora-gcc | 2.6.1 | 126.73 | OK | |||
r-devel-windows-x86_64 | 2.6.1 | 11.00 | 91.00 | 102.00 | NOTE | |
r-patched-linux-x86_64 | 2.6.1 | 14.01 | 80.60 | 94.61 | OK | |
r-release-linux-x86_64 | 2.6.1 | 6.01 | 81.82 | 87.83 | OK | |
r-release-macos-arm64 | 2.6.1 | 52.00 | OK | |||
r-release-macos-x86_64 | 2.6.1 | 74.00 | OK | |||
r-release-windows-x86_64 | 2.6.1 | 11.00 | 104.00 | 115.00 | NOTE | |
r-oldrel-macos-arm64 | 2.6.1 | 44.00 | OK | |||
r-oldrel-macos-x86_64 | 2.6.1 | 51.00 | OK | |||
r-oldrel-windows-x86_64 | 2.6.1 | 13.00 | 99.00 | 112.00 | NOTE |
Version: 2.6.1
Check: dependencies in R code
Result: NOTE
#STDOFF 2:05:08.9
#STDOFF 8:05:43.2
#STDOFF 7:36:41.7
#STDOFF -0:25:21.1
#STDOFF 1:39:49.2
#STDOFF -0:36:44.68
#STDOFF -4:56:01.6
#STDOFF -3:58:29.2
#STDOFF -4:19:18.3
#STDOFF -5:36:13.3
#STDOFF -4:56:16.4
#STDOFF 2:05:08.9
#STDOFF 8:05:43.2
#STDOFF 7:36:41.7
#STDOFF -0:25:21.1
#STDOFF 1:39:49.2
#STDOFF -0:36:44.68
#STDOFF -4:56:01.6
#STDOFF -3:58:29.2
#STDOFF -4:19:18.3
#STDOFF -5:36:13.3
#STDOFF -4:56:16.4
Flavors: r-devel-windows-x86_64, r-release-windows-x86_64, r-oldrel-windows-x86_64