Last updated on 2023-06-02 05:58:04 CEST.
Flavor | Version | Tinstall | Tcheck | Ttotal | Status | Flags |
---|---|---|---|---|---|---|
r-devel-linux-x86_64-debian-clang | 0.2.0 | 21.71 | 123.18 | 144.89 | OK | |
r-devel-linux-x86_64-debian-gcc | 0.2.0 | 18.58 | 87.26 | 105.84 | OK | |
r-devel-linux-x86_64-fedora-clang | 0.2.0 | 182.68 | NOTE | |||
r-devel-linux-x86_64-fedora-gcc | 0.2.0 | 196.09 | NOTE | |||
r-devel-windows-x86_64 | 0.2.0 | 21.00 | 115.00 | 136.00 | OK | |
r-patched-linux-x86_64 | 0.2.0 | OK | ||||
r-release-linux-x86_64 | 0.2.0 | 22.40 | 119.14 | 141.54 | OK | |
r-release-macos-arm64 | 0.2.0 | 47.00 | OK | |||
r-release-macos-x86_64 | 0.2.0 | 85.00 | OK | |||
r-release-windows-x86_64 | 0.2.0 | 26.00 | 140.00 | 166.00 | OK | |
r-oldrel-macos-arm64 | 0.2.0 | 40.00 | NOTE | |||
r-oldrel-macos-x86_64 | 0.2.0 | 56.00 | NOTE | |||
r-oldrel-windows-x86_64 | 0.2.0 | 24.00 | 145.00 | 169.00 | OK |
Version: 0.2.0
Check: dependencies in R code
Result: NOTE
Namespaces in Imports field not imported from:
‘Matrix’ ‘igraph’
All declared Imports should be used.
Flavors: r-devel-linux-x86_64-fedora-clang, r-devel-linux-x86_64-fedora-gcc, r-oldrel-macos-arm64, r-oldrel-macos-x86_64