Last updated on 2023-06-08 05:58:15 CEST.
Flavor | Version | Tinstall | Tcheck | Ttotal | Status | Flags |
---|---|---|---|---|---|---|
r-devel-linux-x86_64-debian-clang | 0.1.4 | 7.06 | 38.60 | 45.66 | OK | |
r-devel-linux-x86_64-debian-gcc | 0.1.4 | 5.30 | 29.66 | 34.96 | OK | |
r-devel-linux-x86_64-fedora-clang | 0.1.4 | 57.01 | NOTE | |||
r-devel-linux-x86_64-fedora-gcc | 0.1.4 | 54.34 | OK | |||
r-devel-windows-x86_64 | 0.1.4 | 9.00 | 50.00 | 59.00 | OK | |
r-patched-linux-x86_64 | 0.1.4 | 5.95 | 38.31 | 44.26 | OK | |
r-release-linux-x86_64 | 0.1.4 | 6.81 | 37.39 | 44.20 | OK | |
r-release-macos-arm64 | 0.1.4 | 20.00 | OK | |||
r-release-macos-x86_64 | 0.1.4 | 31.00 | OK | |||
r-release-windows-x86_64 | 0.1.4 | 8.00 | 54.00 | 62.00 | OK | |
r-oldrel-macos-arm64 | 0.1.4 | 22.00 | OK | |||
r-oldrel-macos-x86_64 | 0.1.4 | 27.00 | OK | |||
r-oldrel-windows-x86_64 | 0.1.4 | 8.00 | 52.00 | 60.00 | OK |
Version: 0.1.4
Check: Rd cross-references
Result: NOTE
Undeclared package ‘CBPS’ in Rd xrefs
Flavor: r-devel-linux-x86_64-fedora-clang