Last updated on 2023-06-09 05:55:05 CEST.
Flavor | Version | Tinstall | Tcheck | Ttotal | Status | Flags |
---|---|---|---|---|---|---|
r-devel-linux-x86_64-debian-clang | 2.0.0 | 18.06 | 262.47 | 280.53 | NOTE | |
r-devel-linux-x86_64-debian-gcc | 2.0.0 | 15.90 | 189.50 | 205.40 | NOTE | |
r-devel-linux-x86_64-fedora-clang | 2.0.0 | 340.13 | NOTE | |||
r-devel-linux-x86_64-fedora-gcc | 2.0.0 | 339.68 | NOTE | |||
r-devel-windows-x86_64 | 2.0.0 | 16.00 | 194.00 | 210.00 | NOTE | |
r-patched-linux-x86_64 | 2.0.0 | 17.74 | 244.48 | 262.22 | NOTE | |
r-release-linux-x86_64 | 2.0.0 | 11.66 | 241.65 | 253.31 | NOTE | |
r-release-macos-arm64 | 2.0.0 | 108.00 | NOTE | |||
r-release-macos-x86_64 | 2.0.0 | 180.00 | NOTE | |||
r-release-windows-x86_64 | 2.0.0 | 21.00 | 237.00 | 258.00 | NOTE | |
r-oldrel-macos-arm64 | 2.0.0 | 69.00 | NOTE | |||
r-oldrel-macos-x86_64 | 2.0.0 | 145.00 | NOTE | |||
r-oldrel-windows-x86_64 | 2.0.0 | 21.00 | 220.00 | 241.00 | NOTE |
Version: 2.0.0
Check: package dependencies
Result: NOTE
Package suggested but not available for checking: ‘gurobi’
Flavors: r-devel-linux-x86_64-debian-clang, r-devel-linux-x86_64-debian-gcc, r-devel-linux-x86_64-fedora-clang, r-devel-linux-x86_64-fedora-gcc, r-devel-windows-x86_64, r-patched-linux-x86_64, r-release-linux-x86_64, r-release-macos-arm64, r-release-macos-x86_64, r-release-windows-x86_64, r-oldrel-macos-arm64, r-oldrel-macos-x86_64, r-oldrel-windows-x86_64