Last updated on 2023-06-02 05:58:04 CEST.
Flavor | Version | Tinstall | Tcheck | Ttotal | Status | Flags |
---|---|---|---|---|---|---|
r-devel-linux-x86_64-debian-clang | 1.8.21 | 16.28 | 172.22 | 188.50 | OK | |
r-devel-linux-x86_64-debian-gcc | 1.8.21 | 15.34 | 128.98 | 144.32 | OK | |
r-devel-linux-x86_64-fedora-clang | 1.8.21 | 239.71 | NOTE | |||
r-devel-linux-x86_64-fedora-gcc | 1.8.21 | 242.09 | NOTE | |||
r-devel-windows-x86_64 | 1.8.21 | 16.00 | 165.00 | 181.00 | OK | |
r-patched-linux-x86_64 | 1.8.21 | OK | ||||
r-release-linux-x86_64 | 1.8.21 | 13.54 | 164.45 | 177.99 | OK | |
r-release-macos-arm64 | 1.8.21 | 80.00 | OK | |||
r-release-macos-x86_64 | 1.8.21 | 115.00 | OK | |||
r-release-windows-x86_64 | 1.8.21 | 22.00 | 211.00 | 233.00 | OK | |
r-oldrel-macos-arm64 | 1.8.21 | 70.00 | OK | |||
r-oldrel-macos-x86_64 | 1.8.21 | 82.00 | OK | |||
r-oldrel-windows-x86_64 | 1.8.21 | 22.00 | 170.00 | 192.00 | OK |
Version: 1.8.21
Check: for detritus in the temp directory
Result: NOTE
Found the following files/directories:
‘Crashpad’
Flavors: r-devel-linux-x86_64-fedora-clang, r-devel-linux-x86_64-fedora-gcc