Last updated on 2023-05-28 05:52:13 CEST.
Flavor | Version | Tinstall | Tcheck | Ttotal | Status | Flags |
---|---|---|---|---|---|---|
r-devel-linux-x86_64-debian-clang | 0.8.3 | 32.35 | 33.53 | 65.88 | OK | |
r-devel-linux-x86_64-debian-gcc | 0.8.3 | 27.85 | 26.47 | 54.32 | OK | |
r-devel-linux-x86_64-fedora-clang | 0.8.3 | 124.80 | OK | |||
r-devel-linux-x86_64-fedora-gcc | 0.8.3 | 149.32 | OK | |||
r-devel-windows-x86_64 | 0.8.3 | 172.00 | 94.00 | 266.00 | OK | |
r-patched-linux-x86_64 | 0.8.3 | 30.66 | 32.44 | 63.10 | OK | |
r-release-linux-x86_64 | 0.8.3 | 30.44 | 32.85 | 63.29 | OK | |
r-release-macos-arm64 | 0.8.3 | 72.00 | NOTE | |||
r-release-macos-x86_64 | 0.8.2 | 80.00 | NOTE | |||
r-release-windows-x86_64 | 0.8.3 | 193.00 | 92.00 | 285.00 | OK | |
r-oldrel-macos-arm64 | 0.8.3 | 70.00 | OK | |||
r-oldrel-macos-x86_64 | 0.8.3 | 108.00 | OK | |||
r-oldrel-windows-x86_64 | 0.8.3 | 155.00 | 76.00 | 231.00 | OK |
Version: 0.8.3
Check: installed package size
Result: NOTE
installed size is 5.8Mb
sub-directories of 1Mb or more:
libs 4.6Mb
Flavor: r-release-macos-arm64
Version: 0.8.2
Check: installed package size
Result: NOTE
installed size is 6.2Mb
sub-directories of 1Mb or more:
libs 4.9Mb
Flavor: r-release-macos-x86_64