CRAN Package Check Results for Package nabor

Last updated on 2024-02-28 05:12:57 CET.

Flavor Version Tinstall Tcheck Ttotal Status Flags
r-devel-linux-x86_64-debian-clang 0.5.0 70.53 36.90 107.43 OK
r-devel-linux-x86_64-debian-gcc 0.5.0 56.80 29.13 85.93 OK
r-devel-linux-x86_64-fedora-clang 0.5.0 149.53 OK
r-devel-linux-x86_64-fedora-gcc 0.5.0 153.85 OK
r-devel-windows-x86_64 0.5.0 56.00 75.00 131.00 OK
r-patched-linux-x86_64 0.5.0 67.19 37.20 104.39 OK
r-release-linux-x86_64 0.5.0 69.31 37.19 106.50 OK
r-release-macos-arm64 0.5.0 45.00 NOTE
r-release-macos-x86_64 0.5.0 66.00 NOTE
r-release-windows-x86_64 0.5.0 74.00 81.00 155.00 OK
r-oldrel-macos-arm64 0.5.0 47.00 NOTE
r-oldrel-windows-x86_64 0.5.0 66.00 80.00 146.00 OK

Check Details

Version: 0.5.0
Check: installed package size
Result: NOTE installed size is 9.3Mb sub-directories of 1Mb or more: libs 9.2Mb Flavors: r-release-macos-arm64, r-release-macos-x86_64, r-oldrel-macos-arm64