Last updated on 2023-06-07 05:58:26 CEST.
Flavor | Version | Tinstall | Tcheck | Ttotal | Status | Flags |
---|---|---|---|---|---|---|
r-devel-linux-x86_64-debian-clang | 0.1.7 | 145.79 | 94.62 | 240.41 | OK | |
r-devel-linux-x86_64-debian-gcc | 0.1.7 | 113.49 | 73.52 | 187.01 | OK | |
r-devel-linux-x86_64-fedora-clang | 0.1.7 | 344.40 | NOTE | |||
r-devel-linux-x86_64-fedora-gcc | 0.1.7 | 333.96 | NOTE | |||
r-devel-windows-x86_64 | 0.1.7 | 115.00 | 122.00 | 237.00 | OK | |
r-patched-linux-x86_64 | 0.1.7 | 118.28 | 89.41 | 207.69 | OK | |
r-release-linux-x86_64 | 0.1.7 | 123.19 | 90.91 | 214.10 | OK | |
r-release-macos-arm64 | 0.1.7 | 91.00 | NOTE | |||
r-release-macos-x86_64 | 0.1.6 | 144.00 | NOTE | |||
r-release-windows-x86_64 | 0.1.7 | 145.00 | 140.00 | 285.00 | OK | |
r-oldrel-macos-arm64 | 0.1.7 | 90.00 | NOTE | |||
r-oldrel-macos-x86_64 | 0.1.7 | 128.00 | NOTE | |||
r-oldrel-windows-x86_64 | 0.1.7 | 130.00 | 134.00 | 264.00 | OK |
Version: 0.1.7
Check: package dependencies
Result: NOTE
Packages suggested but not available for checking: 'BioNet', 'DLBCL'
Flavors: r-devel-linux-x86_64-fedora-clang, r-devel-linux-x86_64-fedora-gcc, r-release-macos-arm64
Version: 0.1.7
Check: installed package size
Result: NOTE
installed size is 10.1Mb
sub-directories of 1Mb or more:
java 2.5Mb
libs 7.0Mb
Flavors: r-release-macos-arm64, r-oldrel-macos-arm64, r-oldrel-macos-x86_64
Version: 0.1.6
Check: package dependencies
Result: NOTE
Packages suggested but not available for checking: 'BioNet', 'DLBCL'
Flavor: r-release-macos-x86_64
Version: 0.1.6
Check: C++ specification
Result: NOTE
Specified C++11: please drop specification unless essential
Flavor: r-release-macos-x86_64
Version: 0.1.6
Check: installed package size
Result: NOTE
installed size is 9.6Mb
sub-directories of 1Mb or more:
java 2.5Mb
libs 6.6Mb
Flavor: r-release-macos-x86_64