Last updated on 2023-06-07 05:58:26 CEST.
Flavor | Version | Tinstall | Tcheck | Ttotal | Status | Flags |
---|---|---|---|---|---|---|
r-devel-linux-x86_64-debian-clang | 2.7.5 | 31.21 | 269.74 | 300.95 | OK | |
r-devel-linux-x86_64-debian-gcc | 2.7.5 | 28.05 | 197.66 | 225.71 | OK | |
r-devel-linux-x86_64-fedora-clang | 2.7.5 | 371.34 | OK | |||
r-devel-linux-x86_64-fedora-gcc | 2.7.5 | 369.01 | OK | |||
r-devel-windows-x86_64 | 2.7.5 | 29.00 | 175.00 | 204.00 | OK | |
r-patched-linux-x86_64 | 2.7.5 | 36.77 | 256.93 | 293.70 | OK | |
r-release-linux-x86_64 | 2.7.5 | 22.40 | 254.03 | 276.43 | OK | |
r-release-macos-arm64 | 2.7.5 | 103.00 | OK | |||
r-release-macos-x86_64 | 2.7.5 | 163.00 | NOTE | |||
r-release-windows-x86_64 | 2.7.5 | 38.00 | 235.00 | 273.00 | OK | |
r-oldrel-macos-arm64 | 2.7.5 | 79.00 | OK | |||
r-oldrel-macos-x86_64 | 2.7.5 | 123.00 | OK | |||
r-oldrel-windows-x86_64 | 2.7.5 | 38.00 | 233.00 | 271.00 | OK |
Version: 2.7.5
Check: package dependencies
Result: NOTE
Package suggested but not available for checking: ‘mvMORPH’
Flavor: r-release-macos-x86_64
Version: 2.7.5
Check: Rd cross-references
Result: NOTE
Package unavailable to check Rd xrefs: ‘mvMORPH’
Flavor: r-release-macos-x86_64