Last updated on 2023-06-10 05:52:38 CEST.
Flavor | Version | Tinstall | Tcheck | Ttotal | Status | Flags |
---|---|---|---|---|---|---|
r-devel-linux-x86_64-debian-clang | 0.5.1 | 9.00 | 55.96 | 64.96 | OK | |
r-devel-linux-x86_64-debian-gcc | 0.5.1 | 7.82 | 42.66 | 50.48 | OK | |
r-devel-linux-x86_64-fedora-clang | 0.5.1 | 80.22 | NOTE | |||
r-devel-linux-x86_64-fedora-gcc | 0.5.1 | 89.40 | NOTE | |||
r-devel-windows-x86_64 | 0.5.1 | 9.00 | 62.00 | 71.00 | OK | |
r-patched-linux-x86_64 | 0.5.1 | 6.25 | 52.40 | 58.65 | OK | |
r-release-linux-x86_64 | 0.5.1 | 6.47 | 52.53 | 59.00 | OK | |
r-release-macos-arm64 | 0.5.1 | 35.00 | OK | |||
r-release-macos-x86_64 | 0.5.1 | 51.00 | OK | |||
r-release-windows-x86_64 | 0.5.1 | 12.00 | 70.00 | 82.00 | OK | |
r-oldrel-macos-arm64 | 0.5.1 | 30.00 | OK | |||
r-oldrel-macos-x86_64 | 0.5.1 | 46.00 | OK | |||
r-oldrel-windows-x86_64 | 0.5.1 | 12.00 | 69.00 | 81.00 | OK |
Version: 0.5.1
Check: data for non-ASCII characters
Result: NOTE
Note: found 15 marked UTF-8 strings
Flavors: r-devel-linux-x86_64-fedora-clang, r-devel-linux-x86_64-fedora-gcc