Last updated on 2023-05-28 05:52:13 CEST.
Flavor | Version | Tinstall | Tcheck | Ttotal | Status | Flags |
---|---|---|---|---|---|---|
r-devel-linux-x86_64-debian-clang | 0.1-12 | 29.79 | 32.94 | 62.73 | NOTE | |
r-devel-linux-x86_64-debian-gcc | 0.1-12 | 22.53 | 25.81 | 48.34 | NOTE | |
r-devel-linux-x86_64-fedora-clang | 0.1-12 | 90.92 | NOTE | |||
r-devel-linux-x86_64-fedora-gcc | 0.1-12 | 88.44 | NOTE | |||
r-devel-windows-x86_64 | 0.1-12 | 24.00 | 64.00 | 88.00 | NOTE | |
r-patched-linux-x86_64 | 0.1-12 | 25.96 | 32.59 | 58.55 | NOTE | |
r-release-linux-x86_64 | 0.1-12 | 27.08 | 32.30 | 59.38 | NOTE | |
r-release-macos-arm64 | 0.1-12 | 28.00 | NOTE | |||
r-release-macos-x86_64 | 0.1-12 | 45.00 | NOTE | |||
r-release-windows-x86_64 | 0.1-12 | 25.00 | 75.00 | 100.00 | NOTE | |
r-oldrel-macos-arm64 | 0.1-12 | 26.00 | OK | |||
r-oldrel-macos-x86_64 | 0.1-12 | 39.00 | OK | |||
r-oldrel-windows-x86_64 | 0.1-12 | 30.00 | 74.00 | 104.00 | OK |
Version: 0.1-12
Check: C++ specification
Result: NOTE
Specified C++11: please drop specification unless essential
Flavors: r-devel-linux-x86_64-debian-clang, r-devel-linux-x86_64-debian-gcc, r-devel-linux-x86_64-fedora-clang, r-devel-linux-x86_64-fedora-gcc, r-devel-windows-x86_64, r-patched-linux-x86_64, r-release-linux-x86_64, r-release-macos-arm64, r-release-macos-x86_64, r-release-windows-x86_64